{"id":349,"date":"2011-06-15T04:07:29","date_gmt":"2011-06-15T16:07:29","guid":{"rendered":"http:\/\/lakeivan.org\/wordpress\/?page_id=349"},"modified":"2011-06-15T04:07:29","modified_gmt":"2011-06-15T16:07:29","slug":"a-la-recherche-d%e2%80%99un-renouveau","status":"publish","type":"page","link":"http:\/\/lakeivan.org\/wordpress\/french-test\/improvisation-technique-french\/a-la-recherche-d%e2%80%99un-renouveau","title":{"rendered":"\u00c0 LA RECHERCHE D\u2019UN RENOUVEAU"},"content":{"rendered":"<p><span style=\"color: #000000;\">J\u2019ai commenc\u00e9 r\u00e9cemment \u00e0 ressentir une certaine routine dans le cadre de mon travail qui consiste \u00e0 accompagner des classes de danse par des improvisations musicales. Cela arrive occasionnellement car je joue pour les m\u00eames professeurs de danse, depuis plusieurs ann\u00e9es, dans certains cas. Certains de ces professeurs enseignent continuellement les m\u00eames excercices de la m\u00eame mani\u00e8re, au fil des ans, pour chaque classe. J\u2019ai donc \u00e9t\u00e9 contraint de jouer dans un style musical bien d\u00e9fini et inchang\u00e9. La musique aquiert ainsi avec le temps une qualit\u00e9 un peu statique et n\u2019est plus tout \u00e0 fait vivante.<\/span><\/p>\n<p><span style=\"color: #000000;\"> <\/span><\/p>\n<p><span style=\"color: #000000;\">Les com\u00e9diens ou acteurs qui improvisent peuvent se retrouver dans une situation semblable s\u2019ils font partie d\u2019un spectacle avec de tr\u00e8s nombreuses dates et travaillent avec le m\u00eame groupe qui utilise constamment des structures et mises en situation similaires. Les com\u00e9diens qui ne font pas d\u2019improvisations et sont dans un spectacle \u00e0 repr\u00e9sentations r\u00e9guli\u00e8res et identiques, sont <em>toujours<\/em> confront\u00e9s \u00e0 la probl\u00e9matique de cr\u00e9er le sentiment d\u2019un renouvellement de la pi\u00e8ce \u00e0 chaque repr\u00e9sentation. (lorsque les improvisations sont compl\u00e8tement libres, comme dans le cadre de mon \u201cLake Ivan work\u201d ce probl\u00e8me ne se pose pas \u00e9tant donn\u00e9 qu\u2019il est dans la nature m\u00eame d\u2019une improvisation d\u2019avoir toujours quelque chose de nouveau \u00e0 r\u00e9v\u00e9ler.)<\/span><\/p>\n<p><span style=\"color: #000000;\"> <\/span><\/p>\n<p><span style=\"color: #000000;\">J\u2019ai r\u00e9solu ce probl\u00e8me pour ma part de mani\u00e8re assez spectaculaire en red\u00e9couvrant les motivations profondes qui me poussent \u00e0 jouer de la musique.<\/span><\/p>\n<p><span style=\"color: #000000;\"> <\/span><\/p>\n<p><span style=\"color: #000000;\">J\u2019ai assez d\u2019exp\u00e9rience en tant que musicien improvisateur professionnel pour savoir que je devrais \u00e9viter d\u2019essayer de cr\u00e9er quelque chose de nouveau juste en \u201cessayant de cr\u00e9er quelque chose de nouveau\u201d. Cela revient \u00e0 r\u00e9fl\u00e9chir \u00e0 de nouvelles id\u00e9es ou \u00e0 me forcer \u00e0 jouer quelque chose que je n\u2019ai jamais jou\u00e9 auparavant. Cette tentative consciente de renouvellement \u00f4terait \u00e0 la musique toute source \u00e9motionnelle ou intuititive et donnerait place \u00e0 une musique faible et inneficace. L\u2019erreur sous-jacente est que mon r\u00e9el probl\u00e8me n\u2019\u00e9tait pas le manque de renouvellement. Le vrai probl\u00e8me \u00e9tait que ma musique s\u2019\u00e9tait fossilis\u00e9e. En m\u2019enlisant dans une formule \u00e9cul\u00e9e, bien que tr\u00e8s efficace dans certaines situations pendant les cours de danse, la musique s\u2019\u00e9tait coup\u00e9e des sources intuitives qui la gardaient vivante et \u00e9tait devenue une coquille vide au lieu d\u2019\u00eatre empreinte d\u2019une musicalit\u00e9 grandissante et impr\u00e9visible. Le besoin ne r\u00e9sidait donc pas dans la nouveaut\u00e9 de ma musique mais dans sa qualit\u00e9.<\/span><\/p>\n<p><span style=\"color: #000000;\"> <\/span><\/p>\n<p><span style=\"color: #000000;\">Je suis donc retourn\u00e9 \u00e0 mon engouement premier pour l\u2019improvisation, c\u2019est-\u00e0-dire: la \u201cSaturation\u201d (voir le lien sur \u201c<a title=\"TAKE THE AUDIENCE ON A JOURNEY\" href=\"http:\/\/lakeivan.org\/wordpress\/?page_id=46\">taking the audience on a journey<\/a>\u201d pour mon explication compl\u00e8te sur le concept de Saturation). L\u2019objectif, alors que je place mes doigts sur le clavier et commence \u00e0 jouer, est de ressentir le fluide musical dans sa dimension la plus compl\u00e8te, riche et puissante. Je veux \u00eatre impr\u00e9gn\u00e9 de cette sentation de musique. Je veux que chaque partie de mon corps se remplisse de cette musique. Au fur et \u00e0 mesure de l\u2019improvisation, je deviens de plus en plus avide de cette sentation de pl\u00e9nitude, je la d\u00e9sire un peu plus \u00e0 chaque phrase musicale. (\u00c9tant donn\u00e9, que je suis cens\u00e9 accompagner un enchainement tr\u00e8s pr\u00e9cis de pas de danse, je suis en l\u2019occurence \u201cSatur\u00e9\u201d de cette sensation de Danse). Mon effort est enti\u00e8rement focalis\u00e9 sur une ouverture personnelle visant \u00e0 ressentir une plus grande richesse de sentations.<\/span><\/p>\n<p><span style=\"color: #000000;\"> <\/span><\/p>\n<p><span style=\"color: #000000;\">Aussit\u00f4t apr\u00e8s avoir renou\u00e9 avec le concept de \u201csaturation\u201d plut\u00f4t que de chercher la nouveaut\u00e9, de nombreux probl\u00e8mes se r\u00e9solurent d\u2019eux-m\u00eame. Je n\u2019ai plus <em>du tout<\/em> \u00e9t\u00e9 confront\u00e9 \u00e0 l\u2019impasse \u201cd\u2019essayer de trouver quelque chose de nouveau \u00e0 jouer\u201d. Mon travail n\u2019\u00e9tait plus de chercher quelque chose \u00e0 jouer mais s\u2019est d\u00e8s lors r\u00e9sum\u00e9 \u00e0 poser mes doigts sur les touches et \u00e0 les utiliser au profit d\u2019une exp\u00e9rience la plus compl\u00e8te et riche possible. Je pouvais commencer \u00e0 jouer sans m\u00eame avoir d\u2019id\u00e9e pr\u00e9cise. De quel style de musique s\u2019agissait-il? Dans presque tous les cas, il s\u2019agissait de quelque chose d\u2019\u00e9tonnament nouveau, une approche d\u2019un exercice de danse habituel que je n\u2019avais jamais explor\u00e9e auparavant. Mais rien \u00e0 voir avec une hasardeuse \u201cnouvelle id\u00e9e\u201d, il s\u2019agissait de quelque chose de r\u00e9ellement bien; simple, clair, efficace, et excessivement expressif. Dans certains cas, la musique n\u2019\u00e9tait pas particuli\u00e8rement nouvelle, il s\u2019agissait de la variation d\u2019une approche famili\u00e8re, mais le r\u00e9sultat \u00e9tait bien meilleur qu\u2019il ne l\u2019avait \u00e9t\u00e9 depuis longtemps. Le tout \u00e9tait aussi passionn\u00e9, sinc\u00e8re et profond que limpide et bien ex\u00e9cut\u00e9.<\/span><\/p>\n<p><span style=\"color: #000000;\"> <\/span><\/p>\n<p><span style=\"color: #000000;\">Les effets furent imm\u00e9diatement visibles par tous. Les professeurs commenc\u00e8rent \u00e0 insister aupr\u00e8s de leurs \u00e9l\u00e8ve sur la musicalit\u00e9: \u201c\u00c9coutez cette musique formidable qu\u2019il est en train de jouer. Dansez, pour mieux dialoguer avec cette musique\u00a0!\u201d. Les \u00e9l\u00e8ves vinrent me voir en fin de classe pour me dire qu\u2019ils avaient beaucoup appr\u00e9ci\u00e9 ce que je jouais. Et surtout, j\u2019avais moi-m\u00eame appr\u00e9ci\u00e9 plus qu\u2019\u00e0 l\u2019accoutum\u00e9, ce que je faisais.<\/span><\/p>\n<p><span style=\"color: #000000;\"> <\/span><\/p>\n<p><span style=\"color: #000000;\">En d\u2019autres mots, lorsqu\u2019une routine accablante et morne s\u2019installe, il existe un moyen d\u2019en sortir: chercher la qualit\u00e9 et la v\u00e9rit\u00e9 au lieu de la nouveaut\u00e9 m\u00eame. Souvenez-vous qu\u2019il n\u2019aie qu\u2019un but dans une repr\u00e9sentation: l\u2019exp\u00e9rience et l\u2019unicit\u00e9 du moment dans toute sa qualit\u00e9, aussi riche et compl\u00e8te que possible. Gardez en t\u00eate cet objectif et les resultats seront nouveaux et uniques \u00e0 chaque fois.<\/span><\/p>\n<p>&nbsp;<\/p>\n<p>&nbsp;<\/p>\n","protected":false},"excerpt":{"rendered":"<p>J\u2019ai commenc\u00e9 r\u00e9cemment \u00e0 ressentir une certaine routine dans le cadre de mon travail qui consiste \u00e0 accompagner des classes de danse par des improvisations musicales. Cela arrive occasionnellement car je joue pour les m\u00eames professeurs de danse, depuis plusieurs ann\u00e9es, dans certains cas. Certains de ces professeurs enseignent continuellement les m\u00eames excercices de la&hellip;<\/p>\n","protected":false},"author":1,"featured_media":0,"parent":341,"menu_order":0,"comment_status":"open","ping_status":"open","template":"","meta":{"footnotes":""},"class_list":["post-349","page","type-page","status-publish","hentry"],"_links":{"self":[{"href":"http:\/\/lakeivan.org\/wordpress\/wp-json\/wp\/v2\/pages\/349","targetHints":{"allow":["GET"]}}],"collection":[{"href":"http:\/\/lakeivan.org\/wordpress\/wp-json\/wp\/v2\/pages"}],"about":[{"href":"http:\/\/lakeivan.org\/wordpress\/wp-json\/wp\/v2\/types\/page"}],"author":[{"embeddable":true,"href":"http:\/\/lakeivan.org\/wordpress\/wp-json\/wp\/v2\/users\/1"}],"replies":[{"embeddable":true,"href":"http:\/\/lakeivan.org\/wordpress\/wp-json\/wp\/v2\/comments?post=349"}],"version-history":[{"count":3,"href":"http:\/\/lakeivan.org\/wordpress\/wp-json\/wp\/v2\/pages\/349\/revisions"}],"predecessor-version":[{"id":352,"href":"http:\/\/lakeivan.org\/wordpress\/wp-json\/wp\/v2\/pages\/349\/revisions\/352"}],"up":[{"embeddable":true,"href":"http:\/\/lakeivan.org\/wordpress\/wp-json\/wp\/v2\/pages\/341"}],"wp:attachment":[{"href":"http:\/\/lakeivan.org\/wordpress\/wp-json\/wp\/v2\/media?parent=349"}],"curies":[{"name":"wp","href":"https:\/\/api.w.org\/{rel}","templated":true}]}}