{"id":846,"date":"2014-11-06T13:37:56","date_gmt":"2014-11-07T01:37:56","guid":{"rendered":"http:\/\/lakeivan.org\/wordpress\/?page_id=846"},"modified":"2014-11-06T13:41:32","modified_gmt":"2014-11-07T01:41:32","slug":"latrines-prive-extrait-2015","status":"publish","type":"page","link":"http:\/\/lakeivan.org\/wordpress\/french-test\/latrines-prive-extrait-2015","title":{"rendered":"Latrines Priv\u00e9 (extrait, 2015)"},"content":{"rendered":"<p><iframe loading=\"lazy\" src=\"http:\/\/player.vimeo.com\/video\/111167758?title=0&amp;byline=0&amp;portrait=0\" frameborder=\"0\" width=\"640\" height=\"360\"><\/iframe><\/p>\n<p>En anglais, avec sous-titres fran\u00e7ais<\/p>\n<p>Voici un extrait de 3 minutes de &#8220;Latrines Priv\u00e9&#8221; . La version originale dure 20 minutes.<\/p>\n<p>Une jeune femme est forc\u00e9e de vivre avec une belle-m\u00e8re antipathique, et passe beaucoup de son temps dans une toilette ext\u00e9rieure, s&#8217;\u00e9chapper dans les livres et sa propre vie imagination vive. &#8220;Latrine Priv\u00e9&#8221; utilise le langage po\u00e9tique et oblique, images fantaisistes et des interm\u00e8des musicaux pour illustrer ses r\u00eaveries et ses plans d&#8217;\u00e9vasion. Bas\u00e9 sur une improvisation par les acteurs David Finkelstein et Ian W. Hill.<\/p>\n<p>Cette vid\u00e9o, \u00e0 l&#8217;instar de beaucoup d&#8217;autres de mes cr\u00e9ations, a pris naissance par le biais d&#8217;une performance totalement improvis\u00e9e des deux acteurs, Ian W. Hill, et moi-m\u00eame. Une fois la vid\u00e9o enregistr\u00e9e, j&#8217;ai cr\u00e9\u00e9 la musique et les images suppl\u00e9mentaires, comme un moyen d&#8217;examiner la teneur de ce qui apparaissait spontan\u00e9ment au sein de l&#8217;improvisation.<\/p>\n<p>&#8220;Latrines Priv\u00e9&#8221; a \u00e9t\u00e9 projet\u00e9 au The Picture Show (New York).<\/p>\n","protected":false},"excerpt":{"rendered":"<p>En anglais, avec sous-titres fran\u00e7ais Voici un extrait de 3 minutes de &#8220;Latrines Priv\u00e9&#8221; . La version originale dure 20 minutes. Une jeune femme est forc\u00e9e de vivre avec une belle-m\u00e8re antipathique, et passe beaucoup de son temps dans une toilette ext\u00e9rieure, s&#8217;\u00e9chapper dans les livres et sa propre vie imagination vive. &#8220;Latrine Priv\u00e9&#8221; utilise&hellip;<\/p>\n","protected":false},"author":1,"featured_media":0,"parent":336,"menu_order":0,"comment_status":"open","ping_status":"open","template":"","meta":{"footnotes":""},"class_list":["post-846","page","type-page","status-publish","hentry"],"_links":{"self":[{"href":"http:\/\/lakeivan.org\/wordpress\/wp-json\/wp\/v2\/pages\/846","targetHints":{"allow":["GET"]}}],"collection":[{"href":"http:\/\/lakeivan.org\/wordpress\/wp-json\/wp\/v2\/pages"}],"about":[{"href":"http:\/\/lakeivan.org\/wordpress\/wp-json\/wp\/v2\/types\/page"}],"author":[{"embeddable":true,"href":"http:\/\/lakeivan.org\/wordpress\/wp-json\/wp\/v2\/users\/1"}],"replies":[{"embeddable":true,"href":"http:\/\/lakeivan.org\/wordpress\/wp-json\/wp\/v2\/comments?post=846"}],"version-history":[{"count":12,"href":"http:\/\/lakeivan.org\/wordpress\/wp-json\/wp\/v2\/pages\/846\/revisions"}],"predecessor-version":[{"id":856,"href":"http:\/\/lakeivan.org\/wordpress\/wp-json\/wp\/v2\/pages\/846\/revisions\/856"}],"up":[{"embeddable":true,"href":"http:\/\/lakeivan.org\/wordpress\/wp-json\/wp\/v2\/pages\/336"}],"wp:attachment":[{"href":"http:\/\/lakeivan.org\/wordpress\/wp-json\/wp\/v2\/media?parent=846"}],"curies":[{"name":"wp","href":"https:\/\/api.w.org\/{rel}","templated":true}]}}